19. What are the prime factors of (-1 - o/10)/(146/(-9855))?
3
Suppose -1108 = -6*o + 2*o. Let t = o - 183. What are the prime factors of t?
2, 47
Let p = -17 - -7. Let g(l) = -l. Let z be g(p). What are the prime factors of 15/z*32/6?
2
Let w(s) be the third derivative of s**5/20 + s**4/8 - s**3/2 + 5*s**2. What are the prime factors of w(-5)?
3, 19
Let d be ((-11)/(-4))/((-36)/(-720)). Let f = 43 + -81. Let h = d + f. List the prime factors of h.
17
What are the prime factors of (-14)/(14/(-2199))*1?
3, 733
Let s = 65 - 101. Let y = 71 - s. List the prime factors of y.
107
Let x(a) = -110*a + 1. Let r = -90 - -89. What are the prime factors of x(r)?
3, 37
Let o = -6 - -12. Let l = o - 1. Let h(c) = 6*c - 1. What are the prime factors of h(l)?
29
Let m be (-2)/(-8) - (-10610)/(-40). Let p = m - -385. Suppose 4*n = 2*h - p, h + 4*n - 37 = -1. List the prime factors of h.
2, 13
Let c be (-7)/(-4) + (-14)/(-56). Suppose -7 = -0*s + s - 4*o, -26 = -4*s - c*o. Let z(u) = 9*u - 10. What are the prime factors of z(s)?
5, 7
Let p(d) = -4*d + 6. Let g(b) = -b. Let o(j) = 2*g(j) - p(j). Let q be o(4). Suppose 2*n = 2*u - 64, -4*u + 4*n = -q*u - 66. What are the prime factors of u?
31
What are the prime factors of (9 + -10)*(-2431 + -6)?
2437
Let p = 1069 - 604. List the prime factors of p.
3, 5, 31
Suppose 0 = 4*q - 3*w + 9 - 102, -5*q + 3*w + 117 = 0. Suppose 2*c + h - 1 = -2, 5*c + 5*h - 5 = 0. Let d = q - c. List the prime factors of d.
2, 13
Suppose -24626 = -88*g + 17878. List the prime factors of g.
3, 7, 23
Let c(p) = -48*p + 3. Suppose 3*h - 6 = h + 2*l, 5*l = -20. Let n be c(h). Suppose n = 3*w - 30. List the prime factors of w.
3
Suppose 9*x - 5*x + 3*i = 2683, 5*i = 25. What are the prime factors of x?
23, 29
Let r be (6/4)/((-12)/(-328)). Suppose -c + r = -2*l, -5*c + 4*l + 108 = -115. List the prime factors of c.
47
Suppose -2*d + 0*d = -12. Let p(s) = d - 2*s**2 - s**2 + 6*s**2 - 2*s**2 - s. List the prime factors of p(5).
2, 13
Let l(z) = 20*z**2 + z + 13. Let n(v) = -19*v**2 - 12. Let p(x) = -4*l(x) - 5*n(x). List the prime factors of p(-3).
5, 31
Let y(t) = -t**3 + 6*t**2 + 17*t - 6. Let f be y(8). Suppose r + f*r = v + 213, -3*r = -4*v - 213. List the prime factors of r.
71
Let g be (1 - 0)/(5/25). Suppose 9 = -5*m + 2*m, g*v - 5*m = 305. List the prime factors of v.
2, 29
Suppose -5*h = 3*x - 8, 5*h - 2*h + 2*x = 4. Suppose -105 = -l - 4*p, -h*p - 152 = -3*l + 179. What are the prime factors of l?
109
Let o(l) = -70*l + 5 + 77*l - 2. What are the prime factors of o(7)?
2, 13
Let s(y) be the second derivative of y**3/6 + 14*y**2 + 5*y. List the prime factors of s(-15).
13
Let o(z) = -z - 1. Let a be o(-4). Suppose 5*j - 5*w = 95, a*j + 2*w = -0*w + 82. List the prime factors of j.
2, 3
Let j = -4 - -15. Let x(d) = -d**2 + 26*d + 3. Let o be x(25). Let v = o - j. What are the prime factors of v?
17
Let h(p) be the first derivative of -53*p**2/2 + p - 3. Let v be h(-1). Suppose f - v = -f. What are the prime factors of f?
3
Suppose -57 = -4*i + 571. What are the prime factors of i?
157
Suppose -34*f + 25*f = -7623. List the prime factors of f.
7, 11
Let n = 7 + 2. Suppose d + 2*d - n = 0. Suppose -2*i = -d*g - 35, g = 2*i - 3 - 34. List the prime factors of i.
19
Let w(g) = -7*g**2 + 75*g - 20. What are the prime factors of w(10)?
2, 3, 5
Let b be (-8)/(-3)*(3 - 0). Let v be (-36)/b*4/(-6). List the prime factors of (-23)/((-5 + 2)/v).
23
Suppose 3*d = -i + 1204, -6384 = -5*i + 2*d - 415. What are the prime factors of i?
5, 239
Let u(y) = y + 1. Let r(i) = 8*i - 28. Let t(s) = -r(s) - 8*u(s). List the prime factors of t(-7).
2, 3, 11
Let d be (6/8)/(2/(-8)). List the prime factors of 1/d*(3 - 12).
3
Suppose -12 = h - 5*i, 5*h + 4*i = -0*h + 56. Let c be h/10 + 52/10. Suppose 2 = 2*m - c. What are the prime factors of m?
2
Suppose 2*p + 5 - 17 = 0. Suppose 5*z - p = 14. Suppose 2*i + z*s - 86 = 0, -4*s = 2 + 10. List the prime factors of i.
7
Suppose -b = -3*x + 17, 9 = -5*b - 1. List the prime factors of 38*(x + -1 + -3).
2, 19
Let q = 20 + -8. Suppose -3*g - 4*w + 6 - 7 = 0, 4*w = 5*g + 55. Let d = q + g. What are the prime factors of d?
5
Let r be 4/(36/15)*3. Suppose r*c - o + 5*o - 567 = 0, -3*c + o + 347 = 0. List the prime factors of c.
5, 23
Suppose y + 9 = -4*h, 0*y = 5*y + 2*h - 9. Suppose 59 = 5*f + z, y*f - 4*z - 4 = 36. List the prime factors of f.
2, 3
Let n(d) = -79*d - 2. Let y = -13 - -11. Let h be n(y). What are the prime factors of (h/(-20) - -3)*-5?
2, 3
Let n(a) = 6*a**2 - 7*a - 20. What are the prime factors of n(-8)?
2, 3, 5, 7
Let f be (28/35)/((-4)/(-10)). Suppose -3*i - f*q = -78, -i - 105 = -5*i - 3*q. Suppose 0 = m - 2*u - i, 4*m - 2*u = -0*m + 84. List the prime factors of m.
2, 5
Suppose 0 = 2*c - 0*i + 2*i + 28, 4*c + 68 = -i. Let o be 4/(-7) + c/(-7). Suppose o*l - 225 = -3*l. List the prime factors of l.
3, 5
Suppose -15*r + 3984 = -3*r. What are the prime factors of r?
2, 83
Suppose -4*q = -j + 893, 5*j - 5*q = -335 + 4725. What are the prime factors of j?
3, 97
Let g = 25 - 21. Suppose 0 = f - 0 - g. Suppose -2*x + 4*x - 3*k = 79, 0 = f*k - 4. List the prime factors of x.
41
What are the prime factors of 1 + 2 - (-11)/(154/2478)?
2, 3, 5
Let x be ((-492)/10)/(8/(-40)). List the prime factors of (-5 - 91/(-21))/((-4)/x).
41
Suppose -27*h + 7100 = -7*h. What are the prime factors of h?
5, 71
Suppose -10*l = -12*l - 20. Let f = l - -18. What are the prime factors of f?
2
Let u = 277 + -31. Suppose -u = -3*i + 9. List the prime factors of i.
5, 17
What are the prime factors of (-20)/(-6)*-9*7157/(-102)?
5, 421
Suppose 0 = 56*d - 14074 + 4834. List the prime factors of d.
3, 5, 11
Let p = 206 - -148. What are the prime factors of p?
2, 3, 59
Let b be 50/(-15)*(42/(-15) - -4). Let v be (-1 + -1 + 1)*34. Let w = b - v. List the prime factors of w.
2, 3, 5
Suppose -5*q = -q. Suppose q = 2*y - 101 - 17. Suppose 46 = 5*k - y. What are the prime factors of k?
3, 7
Suppose -4*c + 14568 = u + 3*u, 0 = u - c - 3640. List the prime factors of u.
11, 331
Suppose 3*o = -2*l + o + 1320, 2*o - 2 = 0. What are the prime factors of l?
659
Let x = -1211 - -1787. What are the prime factors of x?
2, 3
Suppose -3*v = n - 79, -4*n + 0*v + 316 = 4*v. Suppose -256 = -5*g + n. List the prime factors of g.
67
Let b = 322 - -621. What are the prime factors of b?
23, 41
Let p(x) = 44*x + 938. List the prime factors of p(10).
2, 13, 53
What are the prime factors of 1 + (-1)/(1/(-313))?
2, 157
Suppose -3 = -0*m - m. Suppose 5*c = m*q - 288, 3*c - 68 = -3*q + 196. Suppose q = 3*h - d, 4*d = h - 6*h + 146. List the prime factors of h.
2, 3, 5
Suppose 0 = 11*w - 6*w - 50. Let n(r) = r**2 - 10*r + 3. Let h be n(w). Suppose 2*x + 5*v = 22, -3*v + 74 = h*x + 2*x. What are the prime factors of x?
2
Suppose s = x, -7 + 4 = -4*s + 5*x. Let w = 0 - s. Suppose -52 = -w*p - 19. List the prime factors of p.
11
Suppose -52*w + 84*w = 7296. List the prime factors of w.
2, 3, 19
Let s = -77 + 109. Let x = s - 28. Let p(m) = 5*m + 12. What are the prime factors of p(x)?
2
Suppose 46*g + 26974 = 109544. What are the prime factors of g?
5, 359
Let m be 4*1*(-165)/(-22). Suppose -2*g - m = -110. List the prime factors of g.
2, 5
Let c = 63 - -44. List the prime factors of c.
107
Let r = -1 - -15. Let s = -29 - -32. Suppose -s*d + r = -d. List the prime factors of d.
7
Let q(t) = -2*t**2 + 42*t + 1. What are the prime factors of q(9)?
7, 31
Suppose 29*c + c = 32070. What are the prime factors of c?
1069
Suppose 2*k = k - 4*s + 531, 2184 = 4*k + s. List the prime factors of k.
547
Let t = 840 - -2104. What are the prime factors of t?
2, 23
List the prime factors of 72*2*(-30)/(-18).
2, 3, 5
Suppose 2*k + 5*s + 7 + 2 = 0, 4*k + 5 = 3*s. Let w be (-270)/(-35) - k/7. Suppose -w - 132 = -5*i. List the prime factors of i.
2, 7
Let g be (28/(-12) + 2)*-42. Suppose g*u + 18 = 1866. List the prime factors of u.
2, 3, 11
Let b(a) be the second derivative of -a**4/12 - 11*a**3/6 - 3*a**2 + 8*a. Let m be b(-8). Suppose m*j - 14*j = 256. List the prime factors of j.
2
Let f(i) = -i + 62. Let n be f(7). Suppose 14 = a + p - n, 2*a + 4*p - 128 = 0. What are the prime factors of a?
2, 37
Let q(b) = b**3 - 8*b**2 + 12*b + 6. Let i be 36/15*(-50)/(-20). Let y be q(i). W